se
Is 2856107939 a prime number?
True
Is 8155120837 composite?
True
Is 55516548007 a prime number?
True
Is 25149220097 prime?
False
Is 23915181659 prime?
False
Is 245555159 composite?
False
Is 1822611181 prime?
False
Is 5007383471 prime?
False
Is 71548057417 a composite number?
False
Is 8243351219 a composite number?
False
Is 4179976859 a composite number?
True
Is 9081415493 a prime number?
False
Is 5405598283 a prime number?
True
Is 106728873221 prime?
False
Is 22220647333 composite?
False
Is 18562808617 composite?
True
Is 455507733 composite?
True
Is 567678971 a prime number?
True
Is 1804193309 a composite number?
False
Is 371077771 composite?
True
Is 3880159847 composite?
False
Is 17910899 composite?
True
Is 452180111 composite?
False
Is 114683753 a composite number?
True
Is 2517652987 a prime number?
False
Is 2774614069 a prime number?
True
Is 7168440277 composite?
True
Is 90505931 a composite number?
False
Is 309527593 composite?
True
Is 1287720821 a composite number?
False
Is 649952419 composite?
False
Is 2153490337 prime?
True
Is 623981315 a composite number?
True
Is 83673450589 prime?
False
Is 91266842093 a prime number?
False
Is 1588790833 a composite number?
True
Is 9518917745 a composite number?
True
Is 978741251 a prime number?
False
Is 6773555891 a prime number?
True
Is 4053208793 composite?
False
Is 5963849321 prime?
False
Is 333944269 a prime number?
True
Is 279397691 a composite number?
False
Is 376830679 composite?
False
Is 425400271 composite?
True
Is 3389409313 a prime number?
True
Is 990260533 composite?
True
Is 771877642 a prime number?
False
Is 2235589691 a prime number?
False
Is 23809652621 prime?
True
Is 1830519409 a composite number?
True
Is 1113523039 composite?
False
Is 843043433 a prime number?
False
Is 8689971859 composite?
True
Is 246632183 prime?
False
Is 208891993 composite?
True
Is 441320249 composite?
True
Is 864073213 prime?
False
Is 8323588219 prime?
False
Is 11215649 prime?
True
Is 102922602487 a composite number?
True
Is 7566932743 composite?
True
Is 10958398327 a composite number?
True
Is 182117281 prime?
False
Is 11999489233 prime?
True
Is 1403812129 a composite number?
False
Is 3662703841 a composite number?
True
Is 541821232567 a composite number?
False
Is 8903686867 prime?
True
Is 68170336867 a prime number?
True
Is 4684731767 prime?
True
Is 4788904103 prime?
False
Is 1664836309 composite?
True
Is 33798554821 a composite number?
False
Is 905557553 composite?
False
Is 3502054945 prime?
False
Is 87479255 prime?
False
Is 3083756111 composite?
True
Is 10363463183 prime?
True
Is 18584246963 a composite number?
True
Is 2212618411 a composite number?
True
Is 15053480899 prime?
False
Is 804178763 a prime number?
False
Is 346182247 a prime number?
False
Is 290081315 a prime number?
False
Is 1171670693 a composite number?
False
Is 755809633 a composite number?
True
Is 61245137 a composite number?
False
Is 1594963213 composite?
False
Is 33130154357 prime?
True
Is 131435377 a composite number?
False
Is 1347257141 composite?
False
Is 1515379589 composite?
True
Is 20941378543 prime?
False
Is 28704668087 a prime number?
True
Is 742923073 composite?
True
Is 6965896207 prime?
False
Is 2528543417 a composite number?
True
Is 32637053789 a composite number?
False
Is 209254787 a composite number?
True
Is 13813693265 a prime number?
False
Is 6898478543 a prime number?
False
Is 729987397 composite?
True
Is 11459627474 a prime number?
False
Is 97844760007 prime?
True
Is 5978720299 a composite number?
True
Is 6220114907 a composite number?
False
Is 2098077131 a composite number?
True
Is 1349580481 composite?
False
Is 1410126089 a composite number?
False
Is 113415023987 composite?
True
Is 92827067513 a prime number?
True
Is 7348317715 prime?
False
Is 68895607 composite?
True
Is 3133807619 a composite number?
False
Is 1245603119 a composite number?
False
Is 5226333029 prime?
False
Is 11657052347 a composite number?
True
Is 69247355857 a prime number?
False
Is 570199043 a composite number?
False
Is 917707319 composite?
False
Is 1578366431 prime?
True
Is 57778587473 prime?
False
Is 339721721 prime?
False
Is 14374121789 a composite number?
True
Is 440673769 a composite number?
False
Is 19647902369 a prime number?
True
Is 2863260494 a composite number?
True
Is 9009024463 a prime number?
True
Is 163804299559 composite?
False
Is 6492715179 prime?
False
Is 2447592251 prime?
False
Is 22178449 a composite number?
True
Is 707680607 a prime number?
False
Is 11186312623 composite?
False
Is 82136354033 composite?
False
Is 84614789947 prime?
False
Is 5356336429 prime?
False
Is 108127621 a prime number?
False
Is 24816761 prime?
True
Is 17204953393 a prime number?
True
Is 21010089235 a prime number?
False
Is 69829817623 composite?
False
Is 4644090071 a prime number?
True
Is 388576693 a prime number?
False
Is 2495313893 composite?
False
Is 2495521331 composite?
True
Is 220747466185 a prime number?
False
Is 9649508893 a prime number?
True
Is 162176915647 a prime number?
True
Is 6093792253 prime?
True
Is 57091900249 a composite number?
True
Is 2131486363 prime?
True
Is 109644499 prime?
True
Is 412904837 prime?
True
Is 4250177857 prime?
False
Is 1452606677 composite?
True
Is 40159919747 a prime number?
True
Is 3175524227 a prime number?
True
Is 512226401 a prime number?
False
Is 25031337703 composite?
False
Is 1256063489 composite?
True
Is 258515801 a composite number?
True
Is 289905263 a composite number?
False
Is 17267630339 prime?
False
Is 374336867 a prime number?
True
Is 11315208433 composite?
False
Is 23698681081 prime?
True
Is 281495959 composite?
False
Is 898657223 prime?
True
Is 63321970901 prime?
False
Is 18470876321 a composite number?
True
Is 2971577689 a composite number?
False
Is 849517051 a composite number?
False
Is 71984569199 a composite number?
False
Is 312764676797 a prime number?
True
Is 917784149 prime?
False
Is 3357514783 a composite number?
True
Is 319183499 a composite number?
True
Is 2951518551 a prime number?
False
Is 3349360297 composite?
False
Is 50451439 a composite number?
True
Is 58578581 composite?
False
Is 21848770613 a prime number?
True
Is 17294398903 prime?
True
Is 134218703 a composite number?
False
Is 1840937369 a composite number?
False
Is 983527133 a prime number?
False
Is 686118637 a prime number?
True
Is 7384506343 a composite number?
False
Is 5107912967 composite?
True
Is 644946193 prime?
True
Is 242417893 a prime number?
True
Is 2335167565 a composite number?
True
Is 293229041 a prime number?
False
Is 3361325599 a composite number?
False
Is 21387010901 prime?
False
Is 5382967393 a composite number?
True
Is 116395902697 prime?
True
Is 5897520271 a composite number?
False
Is 171840415897 a composite number?
True
Is 2002975909 a composite number?
True
Is 38006318891 prime?
True
Is 121876817 a prime number?
False
Is 2626052881 a prime number?
True
Is 19712009321 a prime number?
True
Is 3563879743 prime?
False
Is 159064861 prime?
True
Is 47970109 composite?
True
Is 285906883 prime?
True
Is 50947135483 a composite number?
False
Is 56295604949 composite?
True
Is 130728422309 a prime number?
False
Is 130960532501 a prime number?
True
Is 66345040273 prime?
False
Is 1759965209 a composite number?
False
Is 11239007489 composite?
False
Is 4698682049 a prime number?
True
Is 72777205849 a prime number?
True
Is 1912116677 prime?
True
Is 193829081801 composite?
False
Is 156160433101 a composite number?
False
Is 627878977 a prime number?
False
Is 27481992821 a prime number?
False
Is 1654007671 composite?
True
Is 1500969521 prime?
False
Is 22066598161 prime?
False
Is 17527215599 a composite number?
True
Is 5684161517 composite?
True
Is 15231715 a composite number?
True
Is 5232185759 a composite number?
True
Is 1736022991 prime?
False
Is 1207000814 a prime number?
False
Is 7756034687 a composite number?
False
Is 4084764643 a composite number?
True
Is 170475223 a prime number?
False
Is 1122694277 a composite number?
True
Is 58751478631 a composite number?
False
Is 11508115909 composite?
True
Is 527200757 composite?
True
Is 1711997171 composite?
False
Is 1259013443 a prime number?
True
Is 453032117 a prime number?
True
Is 39189169067 prime?
False
Is 122611538947 prime?
False
Is 131312069081 a composite number?
False
Is